{"id":301,"date":"2017-06-09T07:52:41","date_gmt":"2017-06-09T07:52:41","guid":{"rendered":"https:\/\/victorthemes.com\/themes\/roof\/?page_id=301"},"modified":"2025-08-25T11:42:00","modified_gmt":"2025-08-25T11:42:00","slug":"hakkimizda","status":"publish","type":"page","link":"https:\/\/soilfert.com.tr\/index.php\/hakkimizda\/","title":{"rendered":"HAKKIMIZDA"},"content":{"rendered":"<div class=\"wpb-content-wrapper\"><p>[vc_row][vc_column]<div class=\"about-wrap about-one about-69d087e453608 \"><div class=\"roof-picture\"><img decoding=\"async\" src=\"https:\/\/soilfert.com.tr\/wp-content\/uploads\/2025\/08\/HAK.jpg\" alt=\"Author\"><\/div><div class=\"about-info \"><h3>DO\u011eRU BES\u0130N \u0130LE B\u0130TK\u0130LER\u0130N\u0130Z\u0130 KORUYUN<\/h3><p><strong>Soil-Fert<\/strong>, 2024 y\u0131l\u0131nda tamamen <strong>yerli sermaye<\/strong> ile kurulmu\u015f, tar\u0131m\u0131n kalbine odaklanan bir \u015firkettir. Kuruldu\u011fumuz g\u00fcnden bu yana i\u015fimizin merkezinde sadece <strong>tar\u0131m, \u00fcretim ve s\u00fcrd\u00fcr\u00fclebilirlik<\/strong> yer almaktad\u0131r.<\/p>\n<\/div><\/div>[vc_column_text css=&#8221;.vc_custom_1755467009938{margin-top: 25px !important;margin-bottom: 25px !important;}&#8221;]Amac\u0131m\u0131z; \u00e7ift\u00e7ilerimizin ve yeti\u015ftiricilerimizin ihtiya\u00e7lar\u0131na en uygun \u00e7\u00f6z\u00fcmleri sunmak, tar\u0131msal \u00fcretimde <strong>verimlili\u011fi art\u0131racak, kazan\u00e7 sa\u011flayacak ve \u00e7evreye duyarl\u0131 \u00fcr\u00fcnler<\/strong> geli\u015ftirmektir. Bu hedef do\u011frultusunda, <strong>bitki besleme \u00fcr\u00fcnleri<\/strong> ve <strong>zevk bah\u00e7ecili\u011fi<\/strong> alanlar\u0131nda, modern teknolojilerle desteklenmi\u015f \u00e7\u00f6z\u00fcmler sunuyoruz.<\/p>\n<p>Ar-Ge merkezimizde, alan\u0131nda uzman m\u00fchendisler ve ara\u015ft\u0131rmac\u0131larla birlikte \u00e7al\u0131\u015farak, her ge\u00e7en g\u00fcn daha ileriye ta\u015f\u0131d\u0131\u011f\u0131m\u0131z \u00fcr\u00fcn yelpazemiz sayesinde tar\u0131m\u0131n gelece\u011fine katk\u0131 sa\u011fl\u0131yoruz.[\/vc_column_text][\/vc_column][\/vc_row][vc_row][vc_column][vc_custom_heading text=&#8221;M\u0130SYONUMUZ&#8221; font_container=&#8221;tag:h2|font_size:24|text_align:left|color:%23232323&#8243; google_fonts=&#8221;font_family:Raleway%3A100%2C200%2C300%2Cregular%2C500%2C600%2C700%2C800%2C900|font_style:700%20bold%20regular%3A700%3Anormal&#8221; css=&#8221;.vc_custom_1755467055884{margin-bottom: 30px !important;}&#8221;][vc_column_text css=&#8221;.vc_custom_1755467116738{margin-top: 25px !important;margin-bottom: 25px !important;}&#8221;]Tar\u0131msal \u00fcretimin her a\u015famas\u0131nda \u00e7ift\u00e7ilerimizin yan\u0131nda olmak, <strong>y\u00fcksek kaliteli, g\u00fcvenilir ve yenilik\u00e7i \u00fcr\u00fcnler<\/strong> ile \u00fcretim s\u00fcre\u00e7lerini desteklemek, \u00fclke tar\u0131m\u0131na de\u011fer katmakt\u0131r.[\/vc_column_text][vc_custom_heading text=&#8221;V\u0130ZYONUMUZ&#8221; font_container=&#8221;tag:h2|font_size:24|text_align:left|color:%23232323&#8243; google_fonts=&#8221;font_family:Raleway%3A100%2C200%2C300%2Cregular%2C500%2C600%2C700%2C800%2C900|font_style:700%20bold%20regular%3A700%3Anormal&#8221; css=&#8221;.vc_custom_1755467131142{margin-bottom: 30px !important;}&#8221;][vc_column_text css=&#8221;.vc_custom_1755467147738{margin-top: 25px !important;margin-bottom: 25px !important;}&#8221;]Geleneksel tar\u0131m\u0131n k\u00f6kl\u00fc de\u011ferlerini korurken, inovatif \u00fcr\u00fcnlerimiz ve modern y\u00f6ntemlerimizle fark yaratmak. \u00c7evre dostu uygulamalar\u0131m\u0131z ve s\u00fcrd\u00fcr\u00fclebilir \u00e7\u00f6z\u00fcmlerimiz ile gelece\u011fin tar\u0131m\u0131na y\u00f6n vermek.[\/vc_column_text][\/vc_column][\/vc_row][vc_row][vc_column css=&#8221;.vc_custom_1497435133918{padding-top: 0px !important;padding-bottom: 0px !important;}&#8221;][vc_separator][\/vc_column][\/vc_row][vc_row overlay_dotted=&#8221;&#8221;][vc_column width=&#8221;1\/2&#8243;][vc_custom_heading text=&#8221;Neden Soil-Fert?&#8221; font_container=&#8221;tag:h2|text_align:left|color:%23232323&#8243; google_fonts=&#8221;font_family:Raleway%3A100%2C200%2C300%2Cregular%2C500%2C600%2C700%2C800%2C900|font_style:700%20bold%20regular%3A700%3Anormal&#8221; css=&#8221;&#8221;][vc_empty_space height=&#8221;16px&#8221;][vc_custom_heading text=&#8221;Bitki besinlerinin etkili olabilmesi i\u00e7in d\u00fczenli ve do\u011fru dozda kullan\u0131lmas\u0131 gerekir. Fazla besin bitkiye zarar verebilirken, eksik kullan\u0131m da fayda sa\u011flamaz. Kullan\u0131m talimatlar\u0131na uygun \u015fekilde sulama ile birlikte verilen besinler, bitkilerin daha h\u0131zl\u0131 emilim yapmas\u0131n\u0131 sa\u011flar. Soilfert \u00fcr\u00fcnleri kolay uygulanabilir form\u00fclleriyle her bitki severin i\u015fini kolayla\u015ft\u0131r\u0131r.&#8221; font_container=&#8221;tag:p|text_align:left|color:%23888888&#8243; google_fonts=&#8221;font_family:Open%20Sans%3A300%2C300italic%2Cregular%2Citalic%2C600%2C600italic%2C700%2C700italic%2C800%2C800italic|font_style:400%20regular%3A400%3Anormal&#8221; css=&#8221;&#8221;][vc_empty_space height=&#8221;16px&#8221;]<ul class=\"square-bullets  roof-list-69d087e453846\"><li>%100 yerli sermaye ve g\u00fc\u00e7l\u00fc \u00fcretim altyap\u0131s\u0131<\/li><li>Geni\u015f Ar-Ge ekibi ile bilimsel ve teknolojik yakla\u015f\u0131m<\/li><li>\u00c7ift\u00e7ilere \u00f6zel \u00e7\u00f6z\u00fcmler sunan esnek \u00fcr\u00fcn portf\u00f6y\u00fc<\/li><li>Tar\u0131mda s\u00fcrd\u00fcr\u00fclebilirlik ve \u00e7evre dostu vizyon<\/li><li>T\u00fcrkiye\u2019nin d\u00f6rt bir yan\u0131nda g\u00fcvenilir hizmet a\u011f\u0131<\/li><\/ul>[\/vc_column][vc_column width=&#8221;1\/2&#8243;][vc_custom_heading text=&#8221;GELECE\u011eE BAKI\u015e&#8221; font_container=&#8221;tag:h2|text_align:left|color:%23232323&#8243; google_fonts=&#8221;font_family:Raleway%3A100%2C200%2C300%2Cregular%2C500%2C600%2C700%2C800%2C900|font_style:700%20bold%20regular%3A700%3Anormal&#8221; css=&#8221;&#8221;][vc_empty_space height=&#8221;16px&#8221;][vc_custom_heading text=&#8221;Soil-Fert olarak biz, sadece bug\u00fcn\u00fcn de\u011fil gelece\u011fin tar\u0131m\u0131na da yat\u0131r\u0131m yap\u0131yoruz. \u00c7ift\u00e7ilerimizin eme\u011fini daha de\u011ferli k\u0131lmak, do\u011fal kaynaklar\u0131m\u0131z\u0131 koruyarak verimli \u00fcretimi art\u0131rmak i\u00e7in durmadan \u00e7al\u0131\u015f\u0131yoruz.<br \/>\n\u00c7\u00fcnk\u00fc biliyoruz ki; sa\u011fl\u0131kl\u0131 toprak, g\u00fc\u00e7l\u00fc bitkiler ve s\u00fcrd\u00fcr\u00fclebilir \u00fcretim, gelecek nesillere b\u0131rakabilece\u011fimiz en b\u00fcy\u00fck mirast\u0131r.&#8221; font_container=&#8221;tag:p|text_align:left|color:%23888888&#8243; google_fonts=&#8221;font_family:Open%20Sans%3A300%2C300italic%2Cregular%2Citalic%2C600%2C600italic%2C700%2C700italic%2C800%2C800italic|font_style:400%20regular%3A400%3Anormal&#8221; css=&#8221;&#8221;][vc_empty_space height=&#8221;16px&#8221;]<ul class=\"square-bullets  roof-list-69d087e453886\"><li>Gelecek Nesiller \u0130\u00e7in Sa\u011flam Tar\u0131m<\/li><li>Do\u011faya Sayg\u0131l\u0131 \u00dcretim Anlay\u0131\u015f\u0131<\/li><li>Her B\u00f6lgeye Uygun \u00dcr\u00fcn \u00c7e\u015fitlili\u011fi<\/li><li>Toprak Verimlili\u011fini Destekleyen Form\u00fcller<\/li><li>T\u00fcrkiye Genelinde G\u00fcvenilir Hizmet<\/li><\/ul>[\/vc_column][\/vc_row]<\/p>\n<\/div>","protected":false},"excerpt":{"rendered":"[vc_row][vc_column][vc_column_text css=&#8221;.vc_custom_1755467009938{margin-top: 25px !important;margin-bottom: 25px !important;}&#8221;]Amac\u0131m\u0131z; \u00e7ift\u00e7ilerimizin ve yeti\u015ftiricilerimizin ihtiya\u00e7lar\u0131na en uygun \u00e7\u00f6z\u00fcmleri sunmak, tar\u0131msal \u00fcretimde verimlili\u011fi art\u0131racak, kazan\u00e7 sa\u011flayacak ve \u00e7evreye duyarl\u0131 \u00fcr\u00fcnler geli\u015ftirmektir. Bu hedef do\u011frultusunda, bitki besleme \u00fcr\u00fcnleri ve zevk bah\u00e7ecili\u011fi alanlar\u0131nda, modern teknolojilerle desteklenmi\u015f \u00e7\u00f6z\u00fcmler sunuyoruz. Ar-Ge merkezimizde, alan\u0131nda uzman m\u00fchendisler ve ara\u015ft\u0131rmac\u0131larla birlikte \u00e7al\u0131\u015farak, her ge\u00e7en g\u00fcn daha ileriye ta\u015f\u0131d\u0131\u011f\u0131m\u0131z[&#8230;]","protected":false},"author":1,"featured_media":0,"parent":0,"menu_order":0,"comment_status":"closed","ping_status":"closed","template":"","meta":{"footnotes":""},"class_list":["post-301","page","type-page","status-publish","hentry"],"_links":{"self":[{"href":"https:\/\/soilfert.com.tr\/index.php\/wp-json\/wp\/v2\/pages\/301","targetHints":{"allow":["GET"]}}],"collection":[{"href":"https:\/\/soilfert.com.tr\/index.php\/wp-json\/wp\/v2\/pages"}],"about":[{"href":"https:\/\/soilfert.com.tr\/index.php\/wp-json\/wp\/v2\/types\/page"}],"author":[{"embeddable":true,"href":"https:\/\/soilfert.com.tr\/index.php\/wp-json\/wp\/v2\/users\/1"}],"replies":[{"embeddable":true,"href":"https:\/\/soilfert.com.tr\/index.php\/wp-json\/wp\/v2\/comments?post=301"}],"version-history":[{"count":21,"href":"https:\/\/soilfert.com.tr\/index.php\/wp-json\/wp\/v2\/pages\/301\/revisions"}],"predecessor-version":[{"id":2327,"href":"https:\/\/soilfert.com.tr\/index.php\/wp-json\/wp\/v2\/pages\/301\/revisions\/2327"}],"wp:attachment":[{"href":"https:\/\/soilfert.com.tr\/index.php\/wp-json\/wp\/v2\/media?parent=301"}],"curies":[{"name":"wp","href":"https:\/\/api.w.org\/{rel}","templated":true}]}}